{"id":10848,"date":"2021-05-04T07:23:42","date_gmt":"2021-05-04T06:23:42","guid":{"rendered":"http:\/\/www.petanque82-comite.fr\/?page_id=10848"},"modified":"2024-02-29T07:21:44","modified_gmt":"2024-02-29T06:21:44","slug":"presse-2020","status":"publish","type":"page","link":"http:\/\/www.petanque82-comite.fr\/?page_id=10848","title":{"rendered":"Presse 2024"},"content":{"rendered":"<h3 style=\"text-align: left;\"><a href=\"http:\/\/www.petanque82-comite.fr\/wp-content\/uploads\/2024\/02\/Elan-Players-Caussadais-La-Dpche-du-Midi-.pdf\">Elan Players Caussadais du 25 f\u00e9vrier La D\u00e9p\u00eache du Midi<\/a><\/h3>\n<p>&nbsp;<\/p>\n","protected":false},"excerpt":{"rendered":"<p>Elan Players Caussadais du 25 f\u00e9vrier La D\u00e9p\u00eache du Midi &nbsp;<\/p>\n","protected":false},"author":1,"featured_media":0,"parent":0,"menu_order":0,"comment_status":"closed","ping_status":"closed","template":"","meta":{"ngg_post_thumbnail":0,"_tribe_blocks_recurrence_rules":"","_tribe_blocks_recurrence_exclusions":"","_tribe_blocks_recurrence_description":"","footnotes":""},"class_list":["post-10848","page","type-page","status-publish","hentry"],"_links":{"self":[{"href":"http:\/\/www.petanque82-comite.fr\/index.php?rest_route=\/wp\/v2\/pages\/10848","targetHints":{"allow":["GET"]}}],"collection":[{"href":"http:\/\/www.petanque82-comite.fr\/index.php?rest_route=\/wp\/v2\/pages"}],"about":[{"href":"http:\/\/www.petanque82-comite.fr\/index.php?rest_route=\/wp\/v2\/types\/page"}],"author":[{"embeddable":true,"href":"http:\/\/www.petanque82-comite.fr\/index.php?rest_route=\/wp\/v2\/users\/1"}],"replies":[{"embeddable":true,"href":"http:\/\/www.petanque82-comite.fr\/index.php?rest_route=%2Fwp%2Fv2%2Fcomments&post=10848"}],"version-history":[{"count":6,"href":"http:\/\/www.petanque82-comite.fr\/index.php?rest_route=\/wp\/v2\/pages\/10848\/revisions"}],"predecessor-version":[{"id":23268,"href":"http:\/\/www.petanque82-comite.fr\/index.php?rest_route=\/wp\/v2\/pages\/10848\/revisions\/23268"}],"wp:attachment":[{"href":"http:\/\/www.petanque82-comite.fr\/index.php?rest_route=%2Fwp%2Fv2%2Fmedia&parent=10848"}],"curies":[{"name":"wp","href":"https:\/\/api.w.org\/{rel}","templated":true}]}}