{"id":138,"date":"2015-06-10T15:18:32","date_gmt":"2015-06-10T14:18:32","guid":{"rendered":"http:\/\/www.petanque82-comite.fr\/?page_id=138"},"modified":"2026-03-18T10:28:32","modified_gmt":"2026-03-18T09:28:32","slug":"presentation","status":"publish","type":"page","link":"http:\/\/www.petanque82-comite.fr\/?page_id=138","title":{"rendered":"Pr\u00e9sentation"},"content":{"rendered":"\r\n<p><em><span class=\"gras\">\u00a0<\/span><\/em><span class=\"gras\">Le Comit\u00e9 D\u00e9partemental, \u00e9manation locale de la F\u00e9d\u00e9ration Fran\u00e7aise de P\u00e9tanque et de Jeu Proven\u00e7al (F.F.P.J.P.)<\/span> agr\u00e9e par le Minist\u00e8re de la Jeunesse et des Sports, contr\u00f4le, organise, veille au bon d\u00e9veloppement de la p\u00e9tanque et du jeu proven\u00e7al dans le Tarn-et-Garonne. Il dirige et coordonne l&#8217;activit\u00e9 des associations affili\u00e9es et d\u00e9livre les licences. Le comit\u00e9 organise les championnats d\u00e9partementaux et accompagne les \u00e9quipes qualifi\u00e9es aux championnats de France, de Ligue et autres comp\u00e9titions officielles.<\/p>\r\n<p>Voici <strong>l&#8217;\u00e9quipe<\/strong> du Pr\u00e9sident :<\/p>\r\n\r\n\r\n\r\n<div class=\"row\">\r\n<div class=\"bloc-image-presentation col-lg-4 col-md-4 col-sm-12 image-rondes \">\r\n<p>&nbsp;<\/p>\r\n<p>\u00a0 <strong>PRESIDENT :<\/strong><\/p>\r\n<p>Franck CLEMENT<\/p>\r\n<\/div>\r\n<\/div>\r\n<div class=\"row\">\r\n<div class=\"bloc-image-presentation col-lg-4 col-md-4 col-sm-12 image-rondes \">\r\n<p><img loading=\"lazy\" decoding=\"async\" class=\"alignnone size-medium wp-image-25828\" src=\"http:\/\/www.petanque82-comite.fr\/wp-content\/uploads\/2024\/12\/Clement-Franck-225x300.jpg\" alt=\"\" width=\"225\" height=\"300\" srcset=\"http:\/\/www.petanque82-comite.fr\/wp-content\/uploads\/2024\/12\/Clement-Franck-225x300.jpg 225w, http:\/\/www.petanque82-comite.fr\/wp-content\/uploads\/2024\/12\/Clement-Franck-768x1024.jpg 768w, http:\/\/www.petanque82-comite.fr\/wp-content\/uploads\/2024\/12\/Clement-Franck-1152x1536.jpg 1152w, http:\/\/www.petanque82-comite.fr\/wp-content\/uploads\/2024\/12\/Clement-Franck-1536x2048.jpg 1536w, http:\/\/www.petanque82-comite.fr\/wp-content\/uploads\/2024\/12\/Clement-Franck-scaled.jpg 1920w\" sizes=\"auto, (max-width: 225px) 100vw, 225px\" \/><\/p>\r\n<p>&nbsp;<\/p>\r\n<p><strong>TRESORIER :<\/strong><\/p>\r\n<p>Henri FACCIN<\/p>\r\n<p><img loading=\"lazy\" decoding=\"async\" class=\"alignnone  wp-image-25830\" src=\"http:\/\/www.petanque82-comite.fr\/wp-content\/uploads\/2024\/12\/Faccin-henri-300x300.jpg\" alt=\"\" width=\"222\" height=\"222\" srcset=\"http:\/\/www.petanque82-comite.fr\/wp-content\/uploads\/2024\/12\/Faccin-henri-300x300.jpg 300w, http:\/\/www.petanque82-comite.fr\/wp-content\/uploads\/2024\/12\/Faccin-henri-1024x1024.jpg 1024w, http:\/\/www.petanque82-comite.fr\/wp-content\/uploads\/2024\/12\/Faccin-henri-150x150.jpg 150w, http:\/\/www.petanque82-comite.fr\/wp-content\/uploads\/2024\/12\/Faccin-henri-768x768.jpg 768w, http:\/\/www.petanque82-comite.fr\/wp-content\/uploads\/2024\/12\/Faccin-henri-1536x1536.jpg 1536w, http:\/\/www.petanque82-comite.fr\/wp-content\/uploads\/2024\/12\/Faccin-henri-2048x2048.jpg 2048w\" sizes=\"auto, (max-width: 222px) 100vw, 222px\" \/><\/p>\r\n<p>&nbsp;<\/p>\r\n<p><strong>SECRETAIRE :<\/strong><\/p>\r\n<p>Laure MARZINOTTO<\/p>\r\n<p><img loading=\"lazy\" decoding=\"async\" class=\"alignnone size-medium wp-image-25831\" src=\"http:\/\/www.petanque82-comite.fr\/wp-content\/uploads\/2024\/12\/Marzinotto-Laure-225x300.jpg\" alt=\"\" width=\"225\" height=\"300\" srcset=\"http:\/\/www.petanque82-comite.fr\/wp-content\/uploads\/2024\/12\/Marzinotto-Laure-225x300.jpg 225w, http:\/\/www.petanque82-comite.fr\/wp-content\/uploads\/2024\/12\/Marzinotto-Laure-768x1024.jpg 768w, http:\/\/www.petanque82-comite.fr\/wp-content\/uploads\/2024\/12\/Marzinotto-Laure-1152x1536.jpg 1152w, http:\/\/www.petanque82-comite.fr\/wp-content\/uploads\/2024\/12\/Marzinotto-Laure-1536x2048.jpg 1536w, http:\/\/www.petanque82-comite.fr\/wp-content\/uploads\/2024\/12\/Marzinotto-Laure-scaled.jpg 1920w\" sizes=\"auto, (max-width: 225px) 100vw, 225px\" \/><\/p>\r\n<\/div>\r\n<h3 class=\"wp-block-heading\">VICE PRESIDENT<\/h3>\r\n<p>Philippe DELRIEU<\/p>\r\n<p><img loading=\"lazy\" decoding=\"async\" class=\"alignnone size-medium wp-image-25842\" src=\"http:\/\/www.petanque82-comite.fr\/wp-content\/uploads\/2024\/12\/Delrieu-Philippe-225x300.jpg\" alt=\"\" width=\"225\" height=\"300\" srcset=\"http:\/\/www.petanque82-comite.fr\/wp-content\/uploads\/2024\/12\/Delrieu-Philippe-225x300.jpg 225w, http:\/\/www.petanque82-comite.fr\/wp-content\/uploads\/2024\/12\/Delrieu-Philippe-768x1024.jpg 768w, http:\/\/www.petanque82-comite.fr\/wp-content\/uploads\/2024\/12\/Delrieu-Philippe-1152x1536.jpg 1152w, http:\/\/www.petanque82-comite.fr\/wp-content\/uploads\/2024\/12\/Delrieu-Philippe-1536x2048.jpg 1536w, http:\/\/www.petanque82-comite.fr\/wp-content\/uploads\/2024\/12\/Delrieu-Philippe-scaled.jpg 1920w\" sizes=\"auto, (max-width: 225px) 100vw, 225px\" \/><\/p>\r\n<p>&nbsp;<\/p>\r\n<div class=\"bloc-image-presentation col-lg-4 col-md-4 col-sm-12 image-rondes \">\r\n<p><strong>Pr\u00e9sident des arbitres :<\/strong><\/p>\r\n<p>Jean-Claude BALY<\/p>\r\n<p><img loading=\"lazy\" decoding=\"async\" class=\"alignnone size-medium wp-image-25832\" src=\"http:\/\/www.petanque82-comite.fr\/wp-content\/uploads\/2024\/12\/Baly-Jean-Claude-225x300.jpg\" alt=\"\" width=\"225\" height=\"300\" srcset=\"http:\/\/www.petanque82-comite.fr\/wp-content\/uploads\/2024\/12\/Baly-Jean-Claude-225x300.jpg 225w, http:\/\/www.petanque82-comite.fr\/wp-content\/uploads\/2024\/12\/Baly-Jean-Claude-768x1024.jpg 768w, http:\/\/www.petanque82-comite.fr\/wp-content\/uploads\/2024\/12\/Baly-Jean-Claude-1152x1536.jpg 1152w, http:\/\/www.petanque82-comite.fr\/wp-content\/uploads\/2024\/12\/Baly-Jean-Claude-1536x2048.jpg 1536w, http:\/\/www.petanque82-comite.fr\/wp-content\/uploads\/2024\/12\/Baly-Jean-Claude-scaled.jpg 1920w\" sizes=\"auto, (max-width: 225px) 100vw, 225px\" \/><\/p>\r\n<p>&nbsp;<\/p>\r\n<\/div>\r\n<p>Philippe MATHIEU (formateur table de marque)<\/p>\r\n<div class=\"bloc-image-presentation col-lg-4 col-md-4 col-sm-12 image-rondes \">\r\n<p><img loading=\"lazy\" decoding=\"async\" class=\"alignnone size-medium wp-image-25837\" src=\"http:\/\/www.petanque82-comite.fr\/wp-content\/uploads\/2024\/12\/Mathieu-Philippe-225x300.jpg\" alt=\"\" width=\"225\" height=\"300\" srcset=\"http:\/\/www.petanque82-comite.fr\/wp-content\/uploads\/2024\/12\/Mathieu-Philippe-225x300.jpg 225w, http:\/\/www.petanque82-comite.fr\/wp-content\/uploads\/2024\/12\/Mathieu-Philippe-768x1024.jpg 768w, http:\/\/www.petanque82-comite.fr\/wp-content\/uploads\/2024\/12\/Mathieu-Philippe-1152x1536.jpg 1152w, http:\/\/www.petanque82-comite.fr\/wp-content\/uploads\/2024\/12\/Mathieu-Philippe-1536x2048.jpg 1536w, http:\/\/www.petanque82-comite.fr\/wp-content\/uploads\/2024\/12\/Mathieu-Philippe-scaled.jpg 1920w\" sizes=\"auto, (max-width: 225px) 100vw, 225px\" \/><\/p>\r\n<p>&nbsp;<\/p>\r\n<p style=\"text-align: left;\">\u00a0 \u00a0 \u00a0<\/p>\r\n<p style=\"text-align: left;\">\u00a0Christiane BENECH<\/p>\r\n<\/div>\r\n<\/div>\r\n<p><img loading=\"lazy\" decoding=\"async\" class=\"alignnone size-medium wp-image-25835\" src=\"http:\/\/www.petanque82-comite.fr\/wp-content\/uploads\/2024\/12\/Benech-Christiane-225x300.jpg\" alt=\"\" width=\"225\" height=\"300\" srcset=\"http:\/\/www.petanque82-comite.fr\/wp-content\/uploads\/2024\/12\/Benech-Christiane-225x300.jpg 225w, http:\/\/www.petanque82-comite.fr\/wp-content\/uploads\/2024\/12\/Benech-Christiane-768x1024.jpg 768w, http:\/\/www.petanque82-comite.fr\/wp-content\/uploads\/2024\/12\/Benech-Christiane-1152x1536.jpg 1152w, http:\/\/www.petanque82-comite.fr\/wp-content\/uploads\/2024\/12\/Benech-Christiane-1536x2048.jpg 1536w, http:\/\/www.petanque82-comite.fr\/wp-content\/uploads\/2024\/12\/Benech-Christiane-scaled.jpg 1920w\" sizes=\"auto, (max-width: 225px) 100vw, 225px\" \/><\/p>\r\n<p>Jean BRUN<\/p>\r\n<p><img loading=\"lazy\" decoding=\"async\" class=\"alignnone size-medium wp-image-25840\" src=\"http:\/\/www.petanque82-comite.fr\/wp-content\/uploads\/2024\/12\/Brun-Jean-225x300.jpg\" alt=\"\" width=\"225\" height=\"300\" srcset=\"http:\/\/www.petanque82-comite.fr\/wp-content\/uploads\/2024\/12\/Brun-Jean-225x300.jpg 225w, http:\/\/www.petanque82-comite.fr\/wp-content\/uploads\/2024\/12\/Brun-Jean-768x1024.jpg 768w, http:\/\/www.petanque82-comite.fr\/wp-content\/uploads\/2024\/12\/Brun-Jean-1152x1536.jpg 1152w, http:\/\/www.petanque82-comite.fr\/wp-content\/uploads\/2024\/12\/Brun-Jean-1536x2048.jpg 1536w, http:\/\/www.petanque82-comite.fr\/wp-content\/uploads\/2024\/12\/Brun-Jean-scaled.jpg 1920w\" sizes=\"auto, (max-width: 225px) 100vw, 225px\" \/><\/p>\r\n<p>&nbsp;<\/p>\r\n<p>Jean-Fran\u00e7ois GHIGNET<\/p>\r\n<p><img loading=\"lazy\" decoding=\"async\" class=\"alignnone size-medium wp-image-29231\" src=\"http:\/\/www.petanque82-comite.fr\/wp-content\/uploads\/2026\/02\/Jean-Francois-225x300.jpg\" alt=\"\" width=\"225\" height=\"300\" srcset=\"http:\/\/www.petanque82-comite.fr\/wp-content\/uploads\/2026\/02\/Jean-Francois-225x300.jpg 225w, http:\/\/www.petanque82-comite.fr\/wp-content\/uploads\/2026\/02\/Jean-Francois-768x1024.jpg 768w, http:\/\/www.petanque82-comite.fr\/wp-content\/uploads\/2026\/02\/Jean-Francois-1152x1536.jpg 1152w, http:\/\/www.petanque82-comite.fr\/wp-content\/uploads\/2026\/02\/Jean-Francois-1536x2048.jpg 1536w, http:\/\/www.petanque82-comite.fr\/wp-content\/uploads\/2026\/02\/Jean-Francois-scaled.jpg 1920w\" sizes=\"auto, (max-width: 225px) 100vw, 225px\" \/><\/p>\r\n<p>&nbsp;<\/p>\r\n<p>Karine GUIONNET<\/p>\r\n<p><img loading=\"lazy\" decoding=\"async\" class=\"alignnone size-medium wp-image-25833\" src=\"http:\/\/www.petanque82-comite.fr\/wp-content\/uploads\/2024\/12\/Guionnet-Karine-225x300.jpg\" alt=\"\" width=\"225\" height=\"300\" srcset=\"http:\/\/www.petanque82-comite.fr\/wp-content\/uploads\/2024\/12\/Guionnet-Karine-225x300.jpg 225w, http:\/\/www.petanque82-comite.fr\/wp-content\/uploads\/2024\/12\/Guionnet-Karine-768x1024.jpg 768w, http:\/\/www.petanque82-comite.fr\/wp-content\/uploads\/2024\/12\/Guionnet-Karine-1152x1536.jpg 1152w, http:\/\/www.petanque82-comite.fr\/wp-content\/uploads\/2024\/12\/Guionnet-Karine-1536x2048.jpg 1536w, http:\/\/www.petanque82-comite.fr\/wp-content\/uploads\/2024\/12\/Guionnet-Karine-scaled.jpg 1920w\" sizes=\"auto, (max-width: 225px) 100vw, 225px\" \/><\/p>\r\n<p>&nbsp;<\/p>\r\n<p>J\u00e9r\u00f4me RUP<\/p>\r\n<p><img loading=\"lazy\" decoding=\"async\" class=\"alignnone size-medium wp-image-25834\" src=\"http:\/\/www.petanque82-comite.fr\/wp-content\/uploads\/2024\/12\/Rup-Jerome-225x300.jpg\" alt=\"\" width=\"225\" height=\"300\" srcset=\"http:\/\/www.petanque82-comite.fr\/wp-content\/uploads\/2024\/12\/Rup-Jerome-225x300.jpg 225w, http:\/\/www.petanque82-comite.fr\/wp-content\/uploads\/2024\/12\/Rup-Jerome-768x1024.jpg 768w, http:\/\/www.petanque82-comite.fr\/wp-content\/uploads\/2024\/12\/Rup-Jerome-1152x1536.jpg 1152w, http:\/\/www.petanque82-comite.fr\/wp-content\/uploads\/2024\/12\/Rup-Jerome-1536x2048.jpg 1536w, http:\/\/www.petanque82-comite.fr\/wp-content\/uploads\/2024\/12\/Rup-Jerome-scaled.jpg 1920w\" sizes=\"auto, (max-width: 225px) 100vw, 225px\" \/><\/p>\r\n<p>&nbsp;<\/p>\r\n<p>Christian RICHARD<\/p>\r\n<p><img loading=\"lazy\" decoding=\"async\" class=\"alignnone size-medium wp-image-25838\" src=\"http:\/\/www.petanque82-comite.fr\/wp-content\/uploads\/2024\/12\/Richard-Christian-225x300.jpg\" alt=\"\" width=\"225\" height=\"300\" srcset=\"http:\/\/www.petanque82-comite.fr\/wp-content\/uploads\/2024\/12\/Richard-Christian-225x300.jpg 225w, http:\/\/www.petanque82-comite.fr\/wp-content\/uploads\/2024\/12\/Richard-Christian-768x1024.jpg 768w, http:\/\/www.petanque82-comite.fr\/wp-content\/uploads\/2024\/12\/Richard-Christian-1152x1536.jpg 1152w, http:\/\/www.petanque82-comite.fr\/wp-content\/uploads\/2024\/12\/Richard-Christian-1536x2048.jpg 1536w, http:\/\/www.petanque82-comite.fr\/wp-content\/uploads\/2024\/12\/Richard-Christian-scaled.jpg 1920w\" sizes=\"auto, (max-width: 225px) 100vw, 225px\" \/><\/p>\r\n<p>&nbsp;<\/p>\r\n<p>Olivier SYMACK<\/p>\r\n<p><img loading=\"lazy\" decoding=\"async\" class=\"alignnone size-medium wp-image-29232\" src=\"http:\/\/www.petanque82-comite.fr\/wp-content\/uploads\/2026\/02\/Symack-Olivier-225x300.jpg\" alt=\"\" width=\"225\" height=\"300\" srcset=\"http:\/\/www.petanque82-comite.fr\/wp-content\/uploads\/2026\/02\/Symack-Olivier-225x300.jpg 225w, http:\/\/www.petanque82-comite.fr\/wp-content\/uploads\/2026\/02\/Symack-Olivier-768x1024.jpg 768w, http:\/\/www.petanque82-comite.fr\/wp-content\/uploads\/2026\/02\/Symack-Olivier-1152x1536.jpg 1152w, http:\/\/www.petanque82-comite.fr\/wp-content\/uploads\/2026\/02\/Symack-Olivier-1536x2048.jpg 1536w, http:\/\/www.petanque82-comite.fr\/wp-content\/uploads\/2026\/02\/Symack-Olivier-scaled.jpg 1920w\" sizes=\"auto, (max-width: 225px) 100vw, 225px\" \/><\/p>\r\n<p>&nbsp;<\/p>\r\n<p>Bernard ZANUSSO<\/p>\r\n<p><img loading=\"lazy\" decoding=\"async\" class=\"alignnone size-medium wp-image-25841\" src=\"http:\/\/www.petanque82-comite.fr\/wp-content\/uploads\/2024\/12\/Zanusso-Bernard-225x300.jpg\" alt=\"\" width=\"225\" height=\"300\" srcset=\"http:\/\/www.petanque82-comite.fr\/wp-content\/uploads\/2024\/12\/Zanusso-Bernard-225x300.jpg 225w, http:\/\/www.petanque82-comite.fr\/wp-content\/uploads\/2024\/12\/Zanusso-Bernard-768x1024.jpg 768w, http:\/\/www.petanque82-comite.fr\/wp-content\/uploads\/2024\/12\/Zanusso-Bernard-1152x1536.jpg 1152w, http:\/\/www.petanque82-comite.fr\/wp-content\/uploads\/2024\/12\/Zanusso-Bernard-1536x2048.jpg 1536w, http:\/\/www.petanque82-comite.fr\/wp-content\/uploads\/2024\/12\/Zanusso-Bernard-scaled.jpg 1920w\" sizes=\"auto, (max-width: 225px) 100vw, 225px\" \/><\/p>\r\n<p>&nbsp;<\/p>\r\n<h3><strong>LE CODIR DU C.D. 82 (2026)<\/strong><\/h3>\r\n<p><img loading=\"lazy\" decoding=\"async\" class=\"alignnone  wp-image-29253\" src=\"http:\/\/www.petanque82-comite.fr\/wp-content\/uploads\/2026\/02\/Phto_CODIR_CD_82_2026-300x225.jpg\" alt=\"\" width=\"352\" height=\"264\" srcset=\"http:\/\/www.petanque82-comite.fr\/wp-content\/uploads\/2026\/02\/Phto_CODIR_CD_82_2026-300x225.jpg 300w, http:\/\/www.petanque82-comite.fr\/wp-content\/uploads\/2026\/02\/Phto_CODIR_CD_82_2026.jpg 580w\" sizes=\"auto, (max-width: 352px) 100vw, 352px\" \/><\/p>\r\n<p>LES LICENCES<\/p>\r\n<div class=\"wp-block-columns has-2-columns\">\r\n<div class=\"wp-block-column\">\r\n\r\n\r\n<ol class=\"wp-block-list\">\r\n<li><em><u>O\u00f9 l&#8217;obtenir<\/u><\/em> : au club qui la fait \u00e9tablir par le Comit\u00e9 D\u00e9partemental<\/li>\r\n<li><em><u>Validit\u00e9<\/u><\/em>: du 1er janvier au 31 d\u00e9cembre de l&#8217;ann\u00e9e en cours<\/li>\r\n<\/ol>\r\n\r\n\r\n<\/div>\r\n<!-- \/wp:column -->\r\n\r\n<!-- wp:column -->\r\n<div class=\"wp-block-column\"><!-- wp:heading {\"level\":3} -->\r\n<h3>LES CONCOURS<\/h3>\r\n<!-- \/wp:heading -->\r\n\r\n<!-- wp:paragraph -->\r\n<p>Les concours organis\u00e9s par les clubs affili\u00e9s \u00e0 la FFPJP sont inscrits dans un <em>calendrier d\u00e9partemental <\/em>; compte tenu de la mise en place du championnat des clubs f\u00e9d\u00e9ral \u00e0 partir de 2007, ces concours sont non homog\u00e8nes toute l&#8217;ann\u00e9e pour toutes les cat\u00e9gories sauf pour les qualifications aux divers championnats (Ligue et France).<\/p>\r\n<!-- \/wp:paragraph -->\r\n\r\n<!-- wp:paragraph -->\r\n<p><em><u>Cat\u00e9gories de concours<\/u><\/em><\/p>\r\n<!-- \/wp:paragraph -->\r\n\r\n<!-- wp:paragraph -->\r\n<p><em>Promotion : <\/em>r\u00e9serv\u00e9s aux joueurs promotion.<\/p>\r\n<!-- \/wp:paragraph -->\r\n\r\n<!-- wp:paragraph -->\r\n<p><em>D\u00e9partemental, r\u00e9gional, national<\/em> : ouverts \u00e0 tous les licenci\u00e9s.<\/p>\r\n<!-- \/wp:paragraph -->\r\n\r\n<!-- wp:paragraph -->\r\n<p><em>Horaires : <\/em>fin des inscriptions 14H15 &#8211; d\u00e9but des concours 14H30<\/p>\r\n<!-- \/wp:paragraph --><\/div>\r\n<!-- \/wp:column --><\/div>\r\n<!-- \/wp:columns -->\r\n\r\n<!-- wp:heading {\"level\":5} -->\r\n<h5>\u00a0<\/h5>\r\n<!-- \/wp:heading -->","protected":false},"excerpt":{"rendered":"<p>\u00a0Le Comit\u00e9 D\u00e9partemental, \u00e9manation locale de la F\u00e9d\u00e9ration Fran\u00e7aise de P\u00e9tanque et de Jeu Proven\u00e7al (F.F.P.J.P.) agr\u00e9e par le Minist\u00e8re de la Jeunesse et des Sports, contr\u00f4le, organise, veille au bon d\u00e9veloppement de la p\u00e9tanque et du jeu proven\u00e7al dans le Tarn-et-Garonne. Il dirige et coordonne l&#8217;activit\u00e9 des associations affili\u00e9es et d\u00e9livre les licences. Le [&hellip;]<\/p>\n","protected":false},"author":1,"featured_media":9075,"parent":68,"menu_order":0,"comment_status":"open","ping_status":"open","template":"","meta":{"ngg_post_thumbnail":0,"_tribe_blocks_recurrence_rules":"","_tribe_blocks_recurrence_exclusions":"","_tribe_blocks_recurrence_description":"","footnotes":""},"class_list":["post-138","page","type-page","status-publish","has-post-thumbnail","hentry"],"_links":{"self":[{"href":"http:\/\/www.petanque82-comite.fr\/index.php?rest_route=\/wp\/v2\/pages\/138","targetHints":{"allow":["GET"]}}],"collection":[{"href":"http:\/\/www.petanque82-comite.fr\/index.php?rest_route=\/wp\/v2\/pages"}],"about":[{"href":"http:\/\/www.petanque82-comite.fr\/index.php?rest_route=\/wp\/v2\/types\/page"}],"author":[{"embeddable":true,"href":"http:\/\/www.petanque82-comite.fr\/index.php?rest_route=\/wp\/v2\/users\/1"}],"replies":[{"embeddable":true,"href":"http:\/\/www.petanque82-comite.fr\/index.php?rest_route=%2Fwp%2Fv2%2Fcomments&post=138"}],"version-history":[{"count":166,"href":"http:\/\/www.petanque82-comite.fr\/index.php?rest_route=\/wp\/v2\/pages\/138\/revisions"}],"predecessor-version":[{"id":29663,"href":"http:\/\/www.petanque82-comite.fr\/index.php?rest_route=\/wp\/v2\/pages\/138\/revisions\/29663"}],"up":[{"embeddable":true,"href":"http:\/\/www.petanque82-comite.fr\/index.php?rest_route=\/wp\/v2\/pages\/68"}],"wp:featuredmedia":[{"embeddable":true,"href":"http:\/\/www.petanque82-comite.fr\/index.php?rest_route=\/wp\/v2\/media\/9075"}],"wp:attachment":[{"href":"http:\/\/www.petanque82-comite.fr\/index.php?rest_route=%2Fwp%2Fv2%2Fmedia&parent=138"}],"curies":[{"name":"wp","href":"https:\/\/api.w.org\/{rel}","templated":true}]}}