{"id":14375,"date":"2022-01-04T07:26:40","date_gmt":"2022-01-04T06:26:40","guid":{"rendered":"http:\/\/www.petanque82-comite.fr\/?page_id=14375"},"modified":"2022-11-16T06:27:23","modified_gmt":"2022-11-16T05:27:23","slug":"presse-2022","status":"publish","type":"page","link":"http:\/\/www.petanque82-comite.fr\/?page_id=14375","title":{"rendered":"Presse 2022"},"content":{"rendered":"<h4><a href=\"http:\/\/www.petanque82-comite.fr\/wp-content\/uploads\/2022\/04\/Grand-Prix-de-lASM-Marche-Gare-Montauban.pdf\">Grand Prix de l&#8217;ASM March\u00e9-Gare Montauban<\/a><\/h4>\n<h4><a href=\"https:\/\/www.ladepeche.fr\/2022\/09\/04\/le-trophee-pour-les-champions-de-lelan-players-caussadais-10522209.php\">Article La D\u00e9p\u00eache &#8211; Le troph\u00e9e pour le champions de-l&#8217;Elan Players<\/a><\/h4>\n<h4><a href=\"https:\/\/www.ladepeche.fr\/2022\/08\/28\/lelan-players-caussadais-champion-departemental-10509650.php\">Article La D\u00e9p\u00eache &#8211; Les finales de Jeu Proven\u00e7al \u00e0 St-Martial<\/a><\/h4>\n<h4><a href=\"http:\/\/www.petanque82-comite.fr\/wp-content\/uploads\/2022\/04\/Elan-Players-Caussadais-Jeu-Provencal.pdf\">Elan Players Caussadais Jeu Proven\u00e7al<\/a><\/h4>\n<h4><a href=\"http:\/\/www.petanque82-comite.fr\/wp-content\/uploads\/2022\/04\/Les-Players.pdf\">Elan Players Caussadais, r\u00e9sultats semi nocturne<\/a><\/h4>\n<h4><a href=\"http:\/\/www.petanque82-comite.fr\/wp-content\/uploads\/2022\/06\/Caussade.-Les-equipes-de-veterans-qualifiees-pour-les-demi-finales-ladepeche.fr_.pdf\">Elan Players Caussade, les \u00e9quipes de v\u00e9t\u00e9rans qualifi\u00e9es pour les demi-finales<\/a><\/h4>\n<h4><a href=\"http:\/\/www.petanque82-comite.fr\/wp-content\/uploads\/2022\/05\/Caussade.-Virgile-Canavera-lancien-president-honore-par-ses-amis-ladepeche.fr_.pdf\">Caussade. Virgile Canavera, l\u2019ancien pr\u00e9sident honor\u00e9 par ses amis<\/a><\/h4>\n<h4><a href=\"http:\/\/www.petanque82-comite.fr\/wp-content\/uploads\/2022\/04\/Article-championnat-triplette-promotion-14-et-15-mai-2022.pdf\">ASM : Article championnat triplette promotion des 14 et 15 mai 2022<\/a><\/h4>\n<h4><a href=\"http:\/\/www.petanque82-comite.fr\/wp-content\/uploads\/2022\/04\/TRIPLETTE-ASM-MONTAUBAN-PETANQUE-AVEC-PRESIDENT-CLUB.pdf\">Photo : Triplette de l&#8217; ASM P\u00e9tanque avec le pr\u00e9sident du club<\/a><\/h4>\n<h4><a href=\"http:\/\/www.petanque82-comite.fr\/wp-content\/uploads\/2022\/04\/Le-bilan-dhiver-de-lASM.pdf\">Le bilan d&#8217;hiver de l&#8217;ASM P\u00e9tanque<\/a><\/h4>\n<h4><a href=\"http:\/\/www.petanque82-comite.fr\/wp-content\/uploads\/2022\/03\/unnamed-1.pdf\">Elan Players Caussadais le 01 mars 2022<\/a><\/h4>\n<h4><a href=\"http:\/\/www.petanque82-comite.fr\/wp-content\/uploads\/2021\/09\/Montauban-le-23-fevrier-2022.pdf\">Montauban le 23 f\u00e9vrier 2022<\/a><\/h4>\n<h4><a href=\"http:\/\/www.petanque82-comite.fr\/wp-content\/uploads\/2021\/09\/Mardi-22-fevrier-2022.pdf\">La D\u00e9p\u00eache le 22 f\u00e9vrier 2022<\/a><\/h4>\n<h4><a href=\"http:\/\/www.petanque82-comite.fr\/wp-content\/uploads\/2021\/09\/Presentation-de-Maison-DURK-.pdf\">Pr\u00e9sentation de Maison DURK<\/a><\/h4>\n<h4><a href=\"http:\/\/www.petanque82-comite.fr\/wp-content\/uploads\/2021\/09\/Laguepie-le-19-fevrier-2022.pdf\">Lagu\u00e9pie le 19 f\u00e9vrier 2022<\/a><\/h4>\n<h4><a href=\"http:\/\/www.petanque82-comite.fr\/wp-content\/uploads\/2021\/09\/St-Etienne-de-Tulmont-le-29-janvier-2022.pdf\">St-Etienne de Tulmont le 29 janvier 2022<\/a><\/h4>\n<h4><a href=\"http:\/\/www.petanque82-comite.fr\/wp-content\/uploads\/2022\/01\/Page-La-Depeche-du-17-janvier-2022.pdf\">Page La D\u00e9p\u00eache du 17 janvier 2022<\/a><\/h4>\n<h4><a href=\"http:\/\/www.petanque82-comite.fr\/wp-content\/uploads\/2022\/01\/ASM-le-15-janvier-2022.pdf\">ASM le 15 janvier 2022 (Handisport p\u00e9tanque)<\/a><\/h4>\n<h4><a href=\"http:\/\/www.petanque82-comite.fr\/wp-content\/uploads\/2022\/01\/Garganvillar-le-14-janvier-2022.pdf\">Garganvillar le 14 janvier 2022<\/a><\/h4>\n<h4><a href=\"http:\/\/www.petanque82-comite.fr\/wp-content\/uploads\/2021\/09\/Saint-Antonin-le-13-janvier-2022.pdf\">Saint Antonin le 13 janvier 2022<\/a><\/h4>\n<h4><a href=\"http:\/\/www.petanque82-comite.fr\/wp-content\/uploads\/2022\/01\/Monclar-le-07-janvier-2022.pdf\">Monclar le 07 janvier 2022<\/a><\/h4>\n<h4><a href=\"http:\/\/www.petanque82-comite.fr\/wp-content\/uploads\/2021\/09\/St-Loup-le-05-janvier-2022.pdf\">St-Loup le 05 janvier 2022<\/a><\/h4>\n<h4><a href=\"http:\/\/www.petanque82-comite.fr\/wp-content\/uploads\/2022\/01\/Lavilledieu-du-Temple-le-04-janvier-2022.pdf\">Lavilledieu du Temple le 04 janvier 2022<\/a><\/h4>\n<h4><a href=\"http:\/\/www.petanque82-comite.fr\/wp-content\/uploads\/2021\/09\/Bressols-le-02-janvier-2022.pdf\">Bressols le 02 janvier 2022<\/a><\/h4>\n","protected":false},"excerpt":{"rendered":"<p>Grand Prix de l&#8217;ASM March\u00e9-Gare Montauban Article La D\u00e9p\u00eache &#8211; Le troph\u00e9e pour le champions de-l&#8217;Elan Players Article La D\u00e9p\u00eache &#8211; Les finales de Jeu Proven\u00e7al \u00e0 St-Martial Elan Players Caussadais Jeu Proven\u00e7al Elan Players Caussadais, r\u00e9sultats semi nocturne Elan Players Caussade, les \u00e9quipes de v\u00e9t\u00e9rans qualifi\u00e9es pour les demi-finales Caussade. Virgile Canavera, l\u2019ancien pr\u00e9sident [&hellip;]<\/p>\n","protected":false},"author":1,"featured_media":0,"parent":0,"menu_order":0,"comment_status":"closed","ping_status":"closed","template":"","meta":{"ngg_post_thumbnail":0,"_tribe_blocks_recurrence_rules":"","_tribe_blocks_recurrence_exclusions":"","_tribe_blocks_recurrence_description":"","footnotes":""},"class_list":["post-14375","page","type-page","status-publish","hentry"],"_links":{"self":[{"href":"http:\/\/www.petanque82-comite.fr\/index.php?rest_route=\/wp\/v2\/pages\/14375","targetHints":{"allow":["GET"]}}],"collection":[{"href":"http:\/\/www.petanque82-comite.fr\/index.php?rest_route=\/wp\/v2\/pages"}],"about":[{"href":"http:\/\/www.petanque82-comite.fr\/index.php?rest_route=\/wp\/v2\/types\/page"}],"author":[{"embeddable":true,"href":"http:\/\/www.petanque82-comite.fr\/index.php?rest_route=\/wp\/v2\/users\/1"}],"replies":[{"embeddable":true,"href":"http:\/\/www.petanque82-comite.fr\/index.php?rest_route=%2Fwp%2Fv2%2Fcomments&post=14375"}],"version-history":[{"count":30,"href":"http:\/\/www.petanque82-comite.fr\/index.php?rest_route=\/wp\/v2\/pages\/14375\/revisions"}],"predecessor-version":[{"id":18994,"href":"http:\/\/www.petanque82-comite.fr\/index.php?rest_route=\/wp\/v2\/pages\/14375\/revisions\/18994"}],"wp:attachment":[{"href":"http:\/\/www.petanque82-comite.fr\/index.php?rest_route=%2Fwp%2Fv2%2Fmedia&parent=14375"}],"curies":[{"name":"wp","href":"https:\/\/api.w.org\/{rel}","templated":true}]}}