{"id":15031,"date":"2022-03-14T07:07:57","date_gmt":"2022-03-14T06:07:57","guid":{"rendered":"http:\/\/www.petanque82-comite.fr\/?page_id=15031"},"modified":"2026-03-14T17:12:29","modified_gmt":"2026-03-14T16:12:29","slug":"compte-rendus-cd-82","status":"publish","type":"page","link":"http:\/\/www.petanque82-comite.fr\/?page_id=15031","title":{"rendered":"Comptes rendus CD 82"},"content":{"rendered":"<h2><strong>Ann\u00e9e 2026 :<\/strong><\/h2>\n<h3><a href=\"http:\/\/www.petanque82-comite.fr\/wp-content\/uploads\/2026\/03\/CR-commission-competition-du-12-02-2026.pdf\">CR-commission-competition-du-12-02-2026.pdf<\/a><\/h3>\n<h3><a href=\"http:\/\/www.petanque82-comite.fr\/wp-content\/uploads\/2026\/03\/CR-Comite-Directeur-du-09-01-2026.pdf\">CR-Comite-Directeur-du-09-01-2026.pdf<\/a><\/h3>\n<h2><strong>Ann\u00e9e 2025 :<\/strong><\/h2>\n<h3><a href=\"http:\/\/www.petanque82-comite.fr\/wp-content\/uploads\/2026\/03\/CR-15-11-2025.pdf\">CR-Assembl\u00e9e-G\u00e9n\u00e9rale-CD82-Laviledieu-du temple-15-11-2025.pdf<\/a><\/h3>\n<h3><a href=\"http:\/\/www.petanque82-comite.fr\/wp-content\/uploads\/2026\/03\/CR-Comite-Directeur-du-15-11-2025.pdf\">CR-Comite-Directeur-du-15-11-2025.pdf<\/a><\/h3>\n<h3><a href=\"http:\/\/www.petanque82-comite.fr\/wp-content\/uploads\/2025\/09\/CR-Comite-Directeur-du-06-02-2025-1.pdf\">CR Comit\u00e9 Directeur du 06 02 2025<\/a><\/h3>\n<p>&nbsp;<\/p>\n<h2><strong>Ann\u00e9e 2024 :<\/strong><\/h2>\n<p>Comit\u00e9 Directeur :<\/p>\n<h3><a href=\"http:\/\/www.petanque82-comite.fr\/wp-content\/uploads\/2025\/02\/CR-Comite-Directeur-du-29-11-2024-2.pdf\">CR Comit\u00e9 Directeur du 29 11 2024<\/a><\/h3>\n<h3><a href=\"http:\/\/www.petanque82-comite.fr\/wp-content\/uploads\/2025\/02\/CR-Comite-Directeur-du-20-09-2024.pdf\">CR Comit\u00e9 Directeur du 20 09 2024<\/a><\/h3>\n<h3><a href=\"http:\/\/www.petanque82-comite.fr\/wp-content\/uploads\/2024\/12\/CR-Comite-Directeur-du-22-03-2024-1.pdf\">CR Comit\u00e9 Directeur du 22 03 2024<\/a><\/h3>\n<h3><a href=\"http:\/\/www.petanque82-comite.fr\/wp-content\/uploads\/2024\/03\/CR-Comite-Directeur-du-09-02-2024-3.pdf\">CR Comit\u00e9 Directeur du 09 02 2024<\/a><\/h3>\n<p>&nbsp;<\/p>\n<p>Commissions :<\/p>\n<h3><a href=\"http:\/\/www.petanque82-comite.fr\/wp-content\/uploads\/2024\/01\/Reunion-Commission-jeunes-19-01-2024.pdf\">CR Commission jeunes du 19 01 2024<\/a><\/h3>\n<h3><a href=\"http:\/\/www.petanque82-comite.fr\/wp-content\/uploads\/2024\/02\/CR-commission-feminine-du-22-01-2024-.pdf\">CR commission f\u00e9minine du 22 01 2024<\/a><\/h3>\n<h3><a href=\"http:\/\/www.petanque82-comite.fr\/wp-content\/uploads\/2024\/02\/CR-commission-sportive-du-08-02-2024-.pdf\">CR commission sportive du 08 02 2024<\/a><\/h3>\n<p>&nbsp;<\/p>\n<p>Autres :<\/p>\n<h3><a href=\"http:\/\/www.petanque82-comite.fr\/wp-content\/uploads\/2025\/02\/CR-Reunion-preparation-saison-04-10-2024.pdf\">CR R\u00e9union pr\u00e9paration saison 04 10 2024<\/a><\/h3>\n<p>&nbsp;<\/p>\n<h2><strong>Ann\u00e9e 2023 :<\/strong><\/h2>\n<p><strong>Congr\u00e8s :<\/strong><\/p>\n<h3><a href=\"http:\/\/www.petanque82-comite.fr\/wp-content\/uploads\/2024\/01\/CR-02-12-2023.pdf\">CR du 02 12 2023<\/a><\/h3>\n<h3><a href=\"http:\/\/www.petanque82-comite.fr\/wp-content\/uploads\/2024\/01\/Resultats-au-31.10.2023-1.pdf\">R\u00e9sultats au 31.10.2023<\/a><\/h3>\n<h3><a href=\"http:\/\/www.petanque82-comite.fr\/wp-content\/uploads\/2024\/01\/BALANCE-AU-31.10.2023.pdf\">Balance au 31.10.2023<\/a><\/h3>\n<p>&nbsp;<\/p>\n<p><strong>R\u00e9union du 14 octobre avec les clubs :<\/strong><\/p>\n<h3><a href=\"http:\/\/www.petanque82-comite.fr\/wp-content\/uploads\/2023\/10\/CR-reunion-Clubs-14-10-2023-1.pdf\">CR du 14 10 2023<\/a><\/h3>\n<p>&nbsp;<\/p>\n<p><strong>Comit\u00e9 Directeur :<\/strong><\/p>\n<h3><a href=\"http:\/\/www.petanque82-comite.fr\/wp-content\/uploads\/2023\/11\/CR-20-01-2023.pdf\">CR r\u00e9union du 20 01 2023<\/a><\/h3>\n<h3><a href=\"http:\/\/www.petanque82-comite.fr\/wp-content\/uploads\/2023\/11\/CR-04-03-2023.doc\">CR r\u00e9union du 04 03 2023<\/a><\/h3>\n<h3><a href=\"http:\/\/www.petanque82-comite.fr\/wp-content\/uploads\/2023\/11\/CR-29-05-2023.pdf\">CR r\u00e9union du 29 05 2023<\/a><\/h3>\n<h3><a href=\"http:\/\/www.petanque82-comite.fr\/wp-content\/uploads\/2023\/11\/CR-30-08-2023.pdf\">CR r\u00e9union du 30 08 2023<\/a><\/h3>\n<h3><a href=\"http:\/\/www.petanque82-comite.fr\/wp-content\/uploads\/2024\/03\/CR-24-11-2023-1.pdf\">CR r\u00e9union du 24 11 2023<\/a><\/h3>\n<p>&nbsp;<\/p>\n<p><strong>Commission Graphique :<\/strong><\/p>\n<h3><a href=\"http:\/\/www.petanque82-comite.fr\/wp-content\/uploads\/2023\/08\/Reunion-commission-graphique-jui_llet-2023.pdf\">CR commission graphique juillet 2023<\/a><\/h3>\n<p>&nbsp;<\/p>\n<p><strong>Commission Jeunes :<\/strong><\/p>\n<h3><a href=\"http:\/\/www.petanque82-comite.fr\/wp-content\/uploads\/2023\/01\/reunion-ETD-du-12-janvier-2023-2-1.pdf\">CR R\u00e9union ETD du 12 janvier 2023<\/a><\/h3>\n<p>&nbsp;<\/p>\n<h3><\/h3>\n<h2><strong>Ann\u00e9e 2022 :<\/strong><\/h2>\n<p><strong>Congr\u00e8s :<\/strong><\/p>\n<h3><a href=\"http:\/\/www.petanque82-comite.fr\/wp-content\/uploads\/2023\/02\/CR-Congres-du-25-11-2022-CD82.pdf\">CR Congr\u00e8s du 25 11 2022 CD82<\/a><\/h3>\n<p>&nbsp;<\/p>\n<p><strong>Commission d&#8217;arbitrage :<\/strong><\/p>\n<h3><a href=\"http:\/\/www.petanque82-comite.fr\/wp-content\/uploads\/2023\/02\/CR-Reunion-02-12-2022.pdf\">CR R\u00e9union du 02 12 2022<\/a><\/h3>\n<h3><a href=\"http:\/\/www.petanque82-comite.fr\/wp-content\/uploads\/2023\/02\/Cr-Reunion-du-20-09-2022.pdf\">Cr R\u00e9union du 20 09 2022<\/a><\/h3>\n<p>&nbsp;<\/p>\n<p><strong>Commission sportive :<\/strong><\/p>\n<h3><a href=\"http:\/\/www.petanque82-comite.fr\/wp-content\/uploads\/2022\/10\/REUNION-DU-7-OCTOBRE-AVEC-LES-REPRESENTANTS-DES-CLUBS.docx\">R\u00e9union du 7 octobre avec les Pr\u00e9sidents et les repr\u00e9sentants des clubs<\/a><\/h3>\n<p>&nbsp;<\/p>\n<p><strong>R\u00e9union Comit\u00e9 Directeur :<\/strong><\/p>\n<h3><a href=\"http:\/\/www.petanque82-comite.fr\/wp-content\/uploads\/2022\/10\/CR-REUNION-DU-11-JUILLET-2022.pdf\">CR r\u00e9union du 11.07.2022<\/a><\/h3>\n<h3><a href=\"http:\/\/www.petanque82-comite.fr\/wp-content\/uploads\/2022\/09\/C-R-reunion-du-25.03.-2022.pdf\">C R r\u00e9union du 25.03. 2022<\/a><\/h3>\n<h3><a href=\"http:\/\/www.petanque82-comite.fr\/wp-content\/uploads\/2022\/09\/C.R.-reunion-du-25.01.2022.pdf\">C.R. r\u00e9union du 20.01.2022<\/a><\/h3>\n<p>&nbsp;<\/p>\n<p><strong>Commission graphique :<\/strong><\/p>\n<h3><a href=\"http:\/\/www.petanque82-comite.fr\/wp-content\/uploads\/2022\/03\/Reunion-commission-graphique-18-02-2022-2.pdf\">C.R. r\u00e9union de la commission graphique du 18 02 2022<\/a><\/h3>\n<p>&nbsp;<\/p>\n<p><em><strong>C<\/strong><\/em><strong>ommission Jeunes :<\/strong><\/p>\n<h3><a href=\"http:\/\/www.petanque82-comite.fr\/wp-content\/uploads\/2022\/10\/Commission-des-jeunes-18-10-2022.pdf\">Compte rendu commission des jeunes du 18 10 2022<\/a><\/h3>\n<h3><a href=\"http:\/\/www.petanque82-comite.fr\/wp-content\/uploads\/2022\/03\/COMPTE-RENDU-COMMISSION-DU-18.pdf\">Compte rendu commission des jeunes du 18 02 2022<\/a><\/h3>\n<h3><a href=\"http:\/\/www.petanque82-comite.fr\/wp-content\/uploads\/2022\/03\/26-01-2022-REUNION.pdf\">Compte rendu commission des jeunes du 26 01 2022\u00a0<\/a><\/h3>\n<p>&nbsp;<\/p>\n<h2><strong>Ann\u00e9e 2021 :<\/strong><\/h2>\n<p><strong>R\u00e9union Comit\u00e9 Directeur :<\/strong><\/p>\n<h3><a href=\"http:\/\/www.petanque82-comite.fr\/wp-content\/uploads\/2022\/09\/C.R.-reunion-du-15.10.2021.pdf\">C.R. r\u00e9union du 15.10.2021<\/a><\/h3>\n<h3><a href=\"http:\/\/www.petanque82-comite.fr\/wp-content\/uploads\/2022\/09\/C.R.-reunion-du-13.08.2021-.pdf\">C.R. r\u00e9union du 13.08.2021<\/a><\/h3>\n<h3><a href=\"http:\/\/www.petanque82-comite.fr\/wp-content\/uploads\/2022\/09\/C.R.-reunion-du-26.06.2021-.pdf\">C.R. r\u00e9union du 26.06.2021<\/a><\/h3>\n<h3><a href=\"http:\/\/www.petanque82-comite.fr\/wp-content\/uploads\/2022\/09\/C.R.-reunion-du-15.05.2021-.pdf\">C.R. r\u00e9union du 15.05.2021<\/a><\/h3>\n<h3><a href=\"http:\/\/www.petanque82-comite.fr\/wp-content\/uploads\/2022\/09\/CR-reunion-du-27.02.2021-.pdf\">CR r\u00e9union du 27.02.2021<\/a><\/h3>\n<h3><a href=\"http:\/\/www.petanque82-comite.fr\/wp-content\/uploads\/2022\/09\/C.R.-reunion-du-6.02.2021-.pdf\">C.R. r\u00e9union du 6.02.2021<\/a><\/h3>\n<h3><\/h3>\n<h3><\/h3>\n","protected":false},"excerpt":{"rendered":"<p>Ann\u00e9e 2026 : CR-commission-competition-du-12-02-2026.pdf CR-Comite-Directeur-du-09-01-2026.pdf Ann\u00e9e 2025 : CR-Assembl\u00e9e-G\u00e9n\u00e9rale-CD82-Laviledieu-du temple-15-11-2025.pdf CR-Comite-Directeur-du-15-11-2025.pdf CR Comit\u00e9 Directeur du 06 02 2025 &nbsp; Ann\u00e9e 2024 : Comit\u00e9 Directeur : CR Comit\u00e9 Directeur du 29 11 2024 CR Comit\u00e9 Directeur du 20 09 2024 CR Comit\u00e9 Directeur du 22 03 2024 CR Comit\u00e9 Directeur du 09 02 2024 &nbsp; Commissions [&hellip;]<\/p>\n","protected":false},"author":1,"featured_media":0,"parent":0,"menu_order":0,"comment_status":"closed","ping_status":"closed","template":"","meta":{"ngg_post_thumbnail":0,"_tribe_blocks_recurrence_rules":"","_tribe_blocks_recurrence_exclusions":"","_tribe_blocks_recurrence_description":"","footnotes":""},"class_list":["post-15031","page","type-page","status-publish","hentry"],"_links":{"self":[{"href":"http:\/\/www.petanque82-comite.fr\/index.php?rest_route=\/wp\/v2\/pages\/15031","targetHints":{"allow":["GET"]}}],"collection":[{"href":"http:\/\/www.petanque82-comite.fr\/index.php?rest_route=\/wp\/v2\/pages"}],"about":[{"href":"http:\/\/www.petanque82-comite.fr\/index.php?rest_route=\/wp\/v2\/types\/page"}],"author":[{"embeddable":true,"href":"http:\/\/www.petanque82-comite.fr\/index.php?rest_route=\/wp\/v2\/users\/1"}],"replies":[{"embeddable":true,"href":"http:\/\/www.petanque82-comite.fr\/index.php?rest_route=%2Fwp%2Fv2%2Fcomments&post=15031"}],"version-history":[{"count":54,"href":"http:\/\/www.petanque82-comite.fr\/index.php?rest_route=\/wp\/v2\/pages\/15031\/revisions"}],"predecessor-version":[{"id":29447,"href":"http:\/\/www.petanque82-comite.fr\/index.php?rest_route=\/wp\/v2\/pages\/15031\/revisions\/29447"}],"wp:attachment":[{"href":"http:\/\/www.petanque82-comite.fr\/index.php?rest_route=%2Fwp%2Fv2%2Fmedia&parent=15031"}],"curies":[{"name":"wp","href":"https:\/\/api.w.org\/{rel}","templated":true}]}}