{"id":15227,"date":"2022-03-30T12:23:07","date_gmt":"2022-03-30T11:23:07","guid":{"rendered":"http:\/\/www.petanque82-comite.fr\/?page_id=15227"},"modified":"2026-04-27T09:47:13","modified_gmt":"2026-04-27T08:47:13","slug":"tete-a-tete-feminin","status":"publish","type":"page","link":"http:\/\/www.petanque82-comite.fr\/?page_id=15227","title":{"rendered":"T\u00eate \u00e0 t\u00eate f\u00e9minin"},"content":{"rendered":"<h2><strong>Ann\u00e9e 2026 :<\/strong><\/h2>\n<h4><strong>Championnat d\u00e9partemental individuel\u00a0 f\u00e9minin &#8211; Montauban les 18 &amp; 19 avril 2026<\/strong><\/h4>\n<p>1 \u00e9quipe qualifi\u00e9e pour le championnat de France<\/p>\n<p>2 \u00e9quipes qualifi\u00e9es pour le championnat r\u00e9gional Occitanie<\/p>\n<h3><a href=\"http:\/\/www.petanque82-comite.fr\/wp-content\/uploads\/2026\/04\/Affiche-chpt-DM-TTF-2026.pdf\">Affiche-chpt82-Doublette-Masculin-&amp;-Individuel-F\u00e9minin<\/a><\/h3>\n<h3><a href=\"http:\/\/www.petanque82-comite.fr\/wp-content\/uploads\/2026\/04\/20260425_CD_PET_082_ISF_Montauban_Liste-des-Equipes-1.pdf\">Liste-des-Equipes<\/a><\/h3>\n<h3><a href=\"http:\/\/www.petanque82-comite.fr\/wp-content\/uploads\/2026\/04\/20260425_CD_PET_082_ISF_Montauban_Liste-Poules.pdf\">Liste-des-Poules<\/a><\/h3>\n<h3><a href=\"https:\/\/championnats-occitanie.ovh\/CD82\/Page_Rslt_20260425_CD_PET_082_ISF_0000.html\">Suivi-et-r\u00e9sultats<\/a><\/h3>\n<p><strong>Championne<\/strong><\/p>\n<p><img loading=\"lazy\" decoding=\"async\" class=\"alignnone size-medium wp-image-30311\" src=\"http:\/\/www.petanque82-comite.fr\/wp-content\/uploads\/2026\/04\/Championne-225x300.jpeg\" alt=\"\" width=\"225\" height=\"300\" srcset=\"http:\/\/www.petanque82-comite.fr\/wp-content\/uploads\/2026\/04\/Championne-225x300.jpeg 225w, http:\/\/www.petanque82-comite.fr\/wp-content\/uploads\/2026\/04\/Championne.jpeg 600w\" sizes=\"auto, (max-width: 225px) 100vw, 225px\" \/><\/p>\n<p>Sylvie BATUT (P\u00e9tanque Garganvillar)<\/p>\n<p>Qualifi\u00e9e pour le championnat de France \u00e0 Saint Florentin (89)<\/p>\n<p><strong>Vice-championne<\/strong><\/p>\n<p><img loading=\"lazy\" decoding=\"async\" class=\"alignnone size-medium wp-image-30312\" src=\"http:\/\/www.petanque82-comite.fr\/wp-content\/uploads\/2026\/04\/Vice-championne-225x300.jpeg\" alt=\"\" width=\"225\" height=\"300\" srcset=\"http:\/\/www.petanque82-comite.fr\/wp-content\/uploads\/2026\/04\/Vice-championne-225x300.jpeg 225w, http:\/\/www.petanque82-comite.fr\/wp-content\/uploads\/2026\/04\/Vice-championne.jpeg 600w\" sizes=\"auto, (max-width: 225px) 100vw, 225px\" \/><\/p>\n<p>Laura POCHAT (P\u00e9tanque Moissagaise)<\/p>\n<p>Qualifi\u00e9e pour le championnat r\u00e9gional Occitanie \u00e0 Auch (32)<\/p>\n<p><strong>Demi-finalistes<\/strong><\/p>\n<p><img loading=\"lazy\" decoding=\"async\" class=\"alignnone size-medium wp-image-30313\" src=\"http:\/\/www.petanque82-comite.fr\/wp-content\/uploads\/2026\/04\/Demi-finaliste-1-1-225x300.jpg\" alt=\"\" width=\"225\" height=\"300\" srcset=\"http:\/\/www.petanque82-comite.fr\/wp-content\/uploads\/2026\/04\/Demi-finaliste-1-1-225x300.jpg 225w, http:\/\/www.petanque82-comite.fr\/wp-content\/uploads\/2026\/04\/Demi-finaliste-1-1-rotated.jpg 600w\" sizes=\"auto, (max-width: 225px) 100vw, 225px\" \/><\/p>\n<p>ALBERGUCCI Lilyana (P\u00e9tanque Montpezat)<\/p>\n<p>Qualifi\u00e9e pour le championnat r\u00e9gional Occitanie \u00e0 Auch (32)<\/p>\n<p><img loading=\"lazy\" decoding=\"async\" class=\"alignnone size-medium wp-image-30314\" src=\"http:\/\/www.petanque82-comite.fr\/wp-content\/uploads\/2026\/04\/demi-finaliste-2-1-225x300.jpg\" alt=\"\" width=\"225\" height=\"300\" srcset=\"http:\/\/www.petanque82-comite.fr\/wp-content\/uploads\/2026\/04\/demi-finaliste-2-1-225x300.jpg 225w, http:\/\/www.petanque82-comite.fr\/wp-content\/uploads\/2026\/04\/demi-finaliste-2-1-rotated.jpg 600w\" sizes=\"auto, (max-width: 225px) 100vw, 225px\" \/><\/p>\n<p>Jennyfer GAUDIN (P\u00e9tanque Monclaraise)<\/p>\n<h2><strong>Ann\u00e9e 2025 :<\/strong><\/h2>\n<p><span style=\"color: #ff0000;\"><strong>Individuel f\u00e9minin<\/strong><\/span><\/p>\n<h3><a href=\"https:\/\/championnats-occitanie.ovh\/CD82\/Page_Rslt_Cd_T_a_T_Femin_Montauban.html\">R\u00e9sultats en direct<\/a><\/h3>\n<p><img loading=\"lazy\" decoding=\"async\" class=\"alignnone size-medium wp-image-27497\" src=\"http:\/\/www.petanque82-comite.fr\/wp-content\/uploads\/2022\/04\/brouel-nadine-5-127x300.jpg\" alt=\"\" width=\"127\" height=\"300\" srcset=\"http:\/\/www.petanque82-comite.fr\/wp-content\/uploads\/2022\/04\/brouel-nadine-5-127x300.jpg 127w, http:\/\/www.petanque82-comite.fr\/wp-content\/uploads\/2022\/04\/brouel-nadine-5-433x1024.jpg 433w, http:\/\/www.petanque82-comite.fr\/wp-content\/uploads\/2022\/04\/brouel-nadine-5-650x1536.jpg 650w, http:\/\/www.petanque82-comite.fr\/wp-content\/uploads\/2022\/04\/brouel-nadine-5.jpg 723w\" sizes=\"auto, (max-width: 127px) 100vw, 127px\" \/><\/p>\n<p>BROUEL Nadine, P\u00e9tanque MOISSAGAISE<\/p>\n<p><span style=\"color: #000000;\">\u00a0 est qualifi\u00e9e pour le France \u00e0 Millau les 30 et 31 Ao\u00fbt <\/span><\/p>\n<p><img loading=\"lazy\" decoding=\"async\" class=\"alignnone size-medium wp-image-27498\" src=\"http:\/\/www.petanque82-comite.fr\/wp-content\/uploads\/2022\/04\/smons-aline-5-135x300.jpg\" alt=\"\" width=\"135\" height=\"300\" srcset=\"http:\/\/www.petanque82-comite.fr\/wp-content\/uploads\/2022\/04\/smons-aline-5-135x300.jpg 135w, http:\/\/www.petanque82-comite.fr\/wp-content\/uploads\/2022\/04\/smons-aline-5-462x1024.jpg 462w, http:\/\/www.petanque82-comite.fr\/wp-content\/uploads\/2022\/04\/smons-aline-5-768x1703.jpg 768w, http:\/\/www.petanque82-comite.fr\/wp-content\/uploads\/2022\/04\/smons-aline-5-693x1536.jpg 693w, http:\/\/www.petanque82-comite.fr\/wp-content\/uploads\/2022\/04\/smons-aline-5.jpg 804w\" sizes=\"auto, (max-width: 135px) 100vw, 135px\" \/><\/p>\n<p>SMONS Aline, P\u00e9tanque MONCLARAISE<\/p>\n<p><span style=\"color: #000000;\">\u00a0est qualifi\u00e9e pour le r\u00e9gional le 8 juin \u00e0 La Palme (11).\u00a0<\/span><\/p>\n<p><img loading=\"lazy\" decoding=\"async\" class=\"alignnone size-medium wp-image-27499\" src=\"http:\/\/www.petanque82-comite.fr\/wp-content\/uploads\/2022\/04\/NICOLAS-Emilie-1-152x300.jpg\" alt=\"\" width=\"152\" height=\"300\" srcset=\"http:\/\/www.petanque82-comite.fr\/wp-content\/uploads\/2022\/04\/NICOLAS-Emilie-1-152x300.jpg 152w, http:\/\/www.petanque82-comite.fr\/wp-content\/uploads\/2022\/04\/NICOLAS-Emilie-1-517x1024.jpg 517w, http:\/\/www.petanque82-comite.fr\/wp-content\/uploads\/2022\/04\/NICOLAS-Emilie-1.jpg 684w\" sizes=\"auto, (max-width: 152px) 100vw, 152px\" \/><\/p>\n<p>NICOLAS Emilie, P\u00e9tanque CLOS DE LAUZUN<\/p>\n<p><span style=\"color: #000000;\">\u00a0est qualifi\u00e9e pour le r\u00e9gional le 8 juin \u00e0 La Palme (11).\u00a0<\/span><\/p>\n<p><img loading=\"lazy\" decoding=\"async\" class=\"alignnone size-medium wp-image-27500\" src=\"http:\/\/www.petanque82-comite.fr\/wp-content\/uploads\/2022\/04\/TEMPLEAU-Severine-1-146x300.jpg\" alt=\"\" width=\"146\" height=\"300\" srcset=\"http:\/\/www.petanque82-comite.fr\/wp-content\/uploads\/2022\/04\/TEMPLEAU-Severine-1-146x300.jpg 146w, http:\/\/www.petanque82-comite.fr\/wp-content\/uploads\/2022\/04\/TEMPLEAU-Severine-1-497x1024.jpg 497w, http:\/\/www.petanque82-comite.fr\/wp-content\/uploads\/2022\/04\/TEMPLEAU-Severine-1-768x1582.jpg 768w, http:\/\/www.petanque82-comite.fr\/wp-content\/uploads\/2022\/04\/TEMPLEAU-Severine-1-745x1536.jpg 745w, http:\/\/www.petanque82-comite.fr\/wp-content\/uploads\/2022\/04\/TEMPLEAU-Severine-1.jpg 794w\" sizes=\"auto, (max-width: 146px) 100vw, 146px\" \/><\/p>\n<p>TEMPLEAU S\u00e9verine, Eperon ST PORQUIER<\/p>\n<p><span style=\"color: #000000;\">\u00a0est qualifi\u00e9e pour le r\u00e9gional le 8 juin \u00e0 La Palme (11).\u00a0<\/span><\/p>\n<p>&nbsp;<\/p>\n<h2><strong>Ann\u00e9e 2024 :<\/strong><\/h2>\n<h3><a href=\"http:\/\/www.petanque82-comite.fr\/result\/Page_Rslt_CDTTF_2024.html\">R\u00e9sultats en direct<\/a><\/h3>\n<h3><img loading=\"lazy\" decoding=\"async\" class=\"alignnone size-medium wp-image-24415\" src=\"http:\/\/www.petanque82-comite.fr\/wp-content\/uploads\/2022\/04\/1715583178507-133x300.jpg\" alt=\"\" width=\"133\" height=\"300\" srcset=\"http:\/\/www.petanque82-comite.fr\/wp-content\/uploads\/2022\/04\/1715583178507-133x300.jpg 133w, http:\/\/www.petanque82-comite.fr\/wp-content\/uploads\/2022\/04\/1715583178507-453x1024.jpg 453w, http:\/\/www.petanque82-comite.fr\/wp-content\/uploads\/2022\/04\/1715583178507.jpg 538w\" sizes=\"auto, (max-width: 133px) 100vw, 133px\" \/><\/h3>\n<p>ASLANI Marina,<br \/>\nBOULE BESSINOISE<\/p>\n<p>est qualifi\u00e9e pour le France \u00e0 St Yrieix (16)<\/p>\n<p><img loading=\"lazy\" decoding=\"async\" class=\"alignnone wp-image-24417\" src=\"http:\/\/www.petanque82-comite.fr\/wp-content\/uploads\/2022\/04\/20240414_171156-271x300.jpg\" alt=\"\" width=\"184\" height=\"204\" srcset=\"http:\/\/www.petanque82-comite.fr\/wp-content\/uploads\/2022\/04\/20240414_171156-271x300.jpg 271w, http:\/\/www.petanque82-comite.fr\/wp-content\/uploads\/2022\/04\/20240414_171156-925x1024.jpg 925w, http:\/\/www.petanque82-comite.fr\/wp-content\/uploads\/2022\/04\/20240414_171156-768x851.jpg 768w, http:\/\/www.petanque82-comite.fr\/wp-content\/uploads\/2022\/04\/20240414_171156.jpg 939w\" sizes=\"auto, (max-width: 184px) 100vw, 184px\" \/><\/p>\n<p>VALADIE Lisa<br \/>\nA S DIEUPENTALE PETANQUE<\/p>\n<p>est qualifi\u00e9e pour le R\u00e9gional \u00e0 Armissan (11)<\/p>\n<p><img loading=\"lazy\" decoding=\"async\" class=\"alignnone size-medium wp-image-24416\" src=\"http:\/\/www.petanque82-comite.fr\/wp-content\/uploads\/2022\/04\/IMG_20240513_092822-148x300.jpg\" alt=\"\" width=\"148\" height=\"300\" srcset=\"http:\/\/www.petanque82-comite.fr\/wp-content\/uploads\/2022\/04\/IMG_20240513_092822-148x300.jpg 148w, http:\/\/www.petanque82-comite.fr\/wp-content\/uploads\/2022\/04\/IMG_20240513_092822.jpg 430w\" sizes=\"auto, (max-width: 148px) 100vw, 148px\" \/><\/p>\n<p>WEISS Marie,<br \/>\nMARIGNAN PETANQUE<\/p>\n<p>est qualifi\u00e9e pour le R\u00e9gional \u00e0 Armissan (11)<\/p>\n<p>&nbsp;<\/p>\n<h2><strong>Ann\u00e9e 2023 :<\/strong><\/h2>\n<p><strong>T\u00eate \u00e0 T\u00eate f\u00e9minin<\/strong><\/p>\n<h3><a href=\"http:\/\/www.petanque82-comite.fr\/result\/Page_Rslt_CD_TTF_01042023.html\">R\u00e9sultats en direct<\/a><\/h3>\n<h3><a href=\"http:\/\/www.petanque82-comite.fr\/wp-content\/uploads\/2022\/04\/CD_TTF_01042023_Liste-des-joueuses-1.pdf\">Liste des joueuses<\/a><\/h3>\n<p><img loading=\"lazy\" decoding=\"async\" class=\"alignnone size-medium wp-image-20156\" src=\"http:\/\/www.petanque82-comite.fr\/wp-content\/uploads\/2022\/04\/IMG20230402173315-Copie-225x300.jpg\" alt=\"\" width=\"225\" height=\"300\" srcset=\"http:\/\/www.petanque82-comite.fr\/wp-content\/uploads\/2022\/04\/IMG20230402173315-Copie-225x300.jpg 225w, http:\/\/www.petanque82-comite.fr\/wp-content\/uploads\/2022\/04\/IMG20230402173315-Copie.jpg 750w\" sizes=\"auto, (max-width: 225px) 100vw, 225px\" \/><\/p>\n<p><strong><a href=\"http:\/\/www.petanque82-comite.fr\/wp-content\/uploads\/2022\/04\/Les-qualifiees.pdf\">Les joueuses qui sont qualifi\u00e9es<\/a><\/strong><\/p>\n<p>&nbsp;<\/p>\n<p><img loading=\"lazy\" decoding=\"async\" class=\"alignnone size-medium wp-image-20165\" src=\"http:\/\/www.petanque82-comite.fr\/wp-content\/uploads\/2022\/04\/IMG20230402173347-Copie-225x300.jpg\" alt=\"\" width=\"225\" height=\"300\" srcset=\"http:\/\/www.petanque82-comite.fr\/wp-content\/uploads\/2022\/04\/IMG20230402173347-Copie-225x300.jpg 225w, http:\/\/www.petanque82-comite.fr\/wp-content\/uploads\/2022\/04\/IMG20230402173347-Copie.jpg 750w\" sizes=\"auto, (max-width: 225px) 100vw, 225px\" \/><\/p>\n<p><a href=\"http:\/\/www.petanque82-comite.fr\/wp-content\/uploads\/2022\/04\/Championne-Tete-a-tete-feminin.pdf\"><strong>Qualifi\u00e9e pour le Championnat de France <\/strong><\/a><\/p>\n<p><strong><a href=\"http:\/\/www.petanque82-comite.fr\/wp-content\/uploads\/2022\/04\/Championne-Tete-a-tete-feminin.pdf\">CHARDELIN Kimberley<\/a><\/strong><\/p>\n<p><a href=\"http:\/\/www.petanque82-comite.fr\/wp-content\/uploads\/2022\/04\/Championne-Tete-a-tete-feminin.pdf\"><strong>P\u00e9tanque MONTPEZATAISE<\/strong><\/a><\/p>\n<p>&nbsp;<\/p>\n<p>&nbsp;<\/p>\n<p><img loading=\"lazy\" decoding=\"async\" class=\"alignnone size-medium wp-image-20167\" src=\"http:\/\/www.petanque82-comite.fr\/wp-content\/uploads\/2022\/04\/IMG20230402173453-Copie-225x300.jpg\" alt=\"\" width=\"225\" height=\"300\" srcset=\"http:\/\/www.petanque82-comite.fr\/wp-content\/uploads\/2022\/04\/IMG20230402173453-Copie-225x300.jpg 225w, http:\/\/www.petanque82-comite.fr\/wp-content\/uploads\/2022\/04\/IMG20230402173453-Copie.jpg 750w\" sizes=\"auto, (max-width: 225px) 100vw, 225px\" \/><\/p>\n<p><strong><a href=\"http:\/\/www.petanque82-comite.fr\/wp-content\/uploads\/2022\/04\/Vice-championne-tete-a-tete-feminin.pdf\">Qualifi\u00e9e pour le R\u00e9gional <\/a><\/strong><\/p>\n<p><strong><a href=\"http:\/\/www.petanque82-comite.fr\/wp-content\/uploads\/2022\/04\/Vice-championne-tete-a-tete-feminin.pdf\">ESQUIBET Chantal<\/a><\/strong><\/p>\n<p><strong><a href=\"http:\/\/www.petanque82-comite.fr\/wp-content\/uploads\/2022\/04\/Vice-championne-tete-a-tete-feminin.pdf\">Espoir Bouliste THEOPOLITAIN<\/a><\/strong><\/p>\n<p>&nbsp;<\/p>\n<p><img loading=\"lazy\" decoding=\"async\" class=\"alignnone size-medium wp-image-20166\" src=\"http:\/\/www.petanque82-comite.fr\/wp-content\/uploads\/2022\/04\/IMG20230402173406-Copie-225x300.jpg\" alt=\"\" width=\"225\" height=\"300\" srcset=\"http:\/\/www.petanque82-comite.fr\/wp-content\/uploads\/2022\/04\/IMG20230402173406-Copie-225x300.jpg 225w, http:\/\/www.petanque82-comite.fr\/wp-content\/uploads\/2022\/04\/IMG20230402173406-Copie.jpg 750w\" sizes=\"auto, (max-width: 225px) 100vw, 225px\" \/><\/p>\n<p><strong><a href=\"http:\/\/www.petanque82-comite.fr\/wp-content\/uploads\/2022\/04\/Vice-championne-tete-a-tete-feminin-1.pdf\">Qualifi\u00e9e pour le R\u00e9gional<\/a><\/strong><\/p>\n<p><strong><a href=\"http:\/\/www.petanque82-comite.fr\/wp-content\/uploads\/2022\/04\/Vice-championne-tete-a-tete-feminin-1.pdf\"> LHOPITAULT Elisabeth<\/a><\/strong><\/p>\n<p><strong><a href=\"http:\/\/www.petanque82-comite.fr\/wp-content\/uploads\/2022\/04\/Vice-championne-tete-a-tete-feminin-1.pdf\">P\u00e9tanque MONTPEZATAISE<\/a><\/strong><\/p>\n<h3><\/h3>\n<h2><strong>Ann\u00e9e 2022 :<\/strong><\/h2>\n<p><strong>T\u00eate \u00e0 t\u00eate f\u00e9minin :<\/strong><\/p>\n<h3><a href=\"http:\/\/www.petanque82-comite.fr\/wp-content\/uploads\/2022\/03\/2022_TTF_Liste-des-Equipes.pdf\">Liste des Equipes<\/a><\/h3>\n<h3><a href=\"http:\/\/www.petanque82-comite.fr\/wp-content\/uploads\/2022\/03\/2022_TTF_Liste-Poules.pdf\">Liste Poules<\/a><\/h3>\n<h2><strong><a href=\"http:\/\/www.petanque82-comite.fr\/result\/Page_Rslt_2022_TTF.html\">R\u00e9sultats en direct<\/a><\/strong><\/h2>\n<p><em>Une joueuse est qualifi\u00e9e pour le France \u00e0 Bergerac<\/em><\/p>\n<h3><img loading=\"lazy\" decoding=\"async\" class=\"alignnone size-medium wp-image-15354\" src=\"http:\/\/www.petanque82-comite.fr\/wp-content\/uploads\/2022\/03\/Championne-tete-a-tete-2022-Copie-225x300.jpg\" alt=\"\" width=\"225\" height=\"300\" srcset=\"http:\/\/www.petanque82-comite.fr\/wp-content\/uploads\/2022\/03\/Championne-tete-a-tete-2022-Copie-225x300.jpg 225w, http:\/\/www.petanque82-comite.fr\/wp-content\/uploads\/2022\/03\/Championne-tete-a-tete-2022-Copie.jpg 750w\" sizes=\"auto, (max-width: 225px) 100vw, 225px\" \/><\/h3>\n<p><strong><a href=\"http:\/\/www.petanque82-comite.fr\/wp-content\/uploads\/2022\/03\/Championne-tete-a-tete-2022.pdf\">Championne t\u00eate \u00e0 t\u00eate 2022 en pdf<\/a><\/strong><\/p>\n<p><em>CHARDELIN KIMBERLEY Montpezat <\/em><\/p>\n<p><em>Championne T\u00eate \u00e0 t\u00eate 2022<\/em><\/p>\n<p>&nbsp;<\/p>\n<p><strong>T\u00eate \u00e0 t\u00eate f\u00e9minin :<\/strong><\/p>\n<p>Deux joueuses sont <em>qualifi\u00e9es pour le championnat r\u00e9gional \u00e0 Rivesaltes.<\/em><\/p>\n<h3><img loading=\"lazy\" decoding=\"async\" class=\"alignnone size-medium wp-image-15356\" src=\"http:\/\/www.petanque82-comite.fr\/wp-content\/uploads\/2022\/03\/Sous-championne-tete-a-tete-2022-Copie-225x300.jpg\" alt=\"\" width=\"225\" height=\"300\" srcset=\"http:\/\/www.petanque82-comite.fr\/wp-content\/uploads\/2022\/03\/Sous-championne-tete-a-tete-2022-Copie-225x300.jpg 225w, http:\/\/www.petanque82-comite.fr\/wp-content\/uploads\/2022\/03\/Sous-championne-tete-a-tete-2022-Copie.jpg 750w\" sizes=\"auto, (max-width: 225px) 100vw, 225px\" \/><\/h3>\n<p><strong><a href=\"http:\/\/www.petanque82-comite.fr\/wp-content\/uploads\/2022\/03\/Sous-championne-tete-a-tete-2022.pdf\">Vice-championne t\u00eate \u00e0 t\u00eate en pdf<\/a><\/strong><\/p>\n<p><em>GUIONNET SYLVIE Lavit<\/em><\/p>\n<p><em>Vice-Championne T\u00eate \u00e0 t\u00eate 2022 <\/em><\/p>\n<p>&nbsp;<\/p>\n<h3><img loading=\"lazy\" decoding=\"async\" class=\"alignnone size-medium wp-image-15357\" src=\"http:\/\/www.petanque82-comite.fr\/wp-content\/uploads\/2022\/03\/Demis-finaliste-qualifies-regional-Copie-225x300.jpg\" alt=\"\" width=\"225\" height=\"300\" srcset=\"http:\/\/www.petanque82-comite.fr\/wp-content\/uploads\/2022\/03\/Demis-finaliste-qualifies-regional-Copie-225x300.jpg 225w, http:\/\/www.petanque82-comite.fr\/wp-content\/uploads\/2022\/03\/Demis-finaliste-qualifies-regional-Copie.jpg 750w\" sizes=\"auto, (max-width: 225px) 100vw, 225px\" \/><\/h3>\n<p><strong><a href=\"http:\/\/www.petanque82-comite.fr\/wp-content\/uploads\/2022\/03\/Demi-finaliste-qualifiee-regional-1.pdf\">Vainqueur du barrage des perdantes des 1\/2 en pdf<\/a><\/strong><\/p>\n<p><em>BOR V\u00c9RONIQUE N\u00e8grepelisse<\/em><\/p>\n<p>&nbsp;<\/p>\n<p>&nbsp;<\/p>\n","protected":false},"excerpt":{"rendered":"<p>Ann\u00e9e 2026 : Championnat d\u00e9partemental individuel\u00a0 f\u00e9minin &#8211; Montauban les 18 &amp; 19 avril 2026 1 \u00e9quipe qualifi\u00e9e pour le championnat de France 2 \u00e9quipes qualifi\u00e9es pour le championnat r\u00e9gional Occitanie Affiche-chpt82-Doublette-Masculin-&amp;-Individuel-F\u00e9minin Liste-des-Equipes Liste-des-Poules Suivi-et-r\u00e9sultats Championne Sylvie BATUT (P\u00e9tanque Garganvillar) Qualifi\u00e9e pour le championnat de France \u00e0 Saint Florentin (89) Vice-championne Laura POCHAT (P\u00e9tanque Moissagaise) [&hellip;]<\/p>\n","protected":false},"author":1,"featured_media":0,"parent":0,"menu_order":0,"comment_status":"closed","ping_status":"closed","template":"","meta":{"ngg_post_thumbnail":0,"_tribe_blocks_recurrence_rules":"","_tribe_blocks_recurrence_exclusions":"","_tribe_blocks_recurrence_description":"","footnotes":""},"class_list":["post-15227","page","type-page","status-publish","hentry"],"_links":{"self":[{"href":"http:\/\/www.petanque82-comite.fr\/index.php?rest_route=\/wp\/v2\/pages\/15227","targetHints":{"allow":["GET"]}}],"collection":[{"href":"http:\/\/www.petanque82-comite.fr\/index.php?rest_route=\/wp\/v2\/pages"}],"about":[{"href":"http:\/\/www.petanque82-comite.fr\/index.php?rest_route=\/wp\/v2\/types\/page"}],"author":[{"embeddable":true,"href":"http:\/\/www.petanque82-comite.fr\/index.php?rest_route=\/wp\/v2\/users\/1"}],"replies":[{"embeddable":true,"href":"http:\/\/www.petanque82-comite.fr\/index.php?rest_route=%2Fwp%2Fv2%2Fcomments&post=15227"}],"version-history":[{"count":59,"href":"http:\/\/www.petanque82-comite.fr\/index.php?rest_route=\/wp\/v2\/pages\/15227\/revisions"}],"predecessor-version":[{"id":30316,"href":"http:\/\/www.petanque82-comite.fr\/index.php?rest_route=\/wp\/v2\/pages\/15227\/revisions\/30316"}],"wp:attachment":[{"href":"http:\/\/www.petanque82-comite.fr\/index.php?rest_route=%2Fwp%2Fv2%2Fmedia&parent=15227"}],"curies":[{"name":"wp","href":"https:\/\/api.w.org\/{rel}","templated":true}]}}