{"id":20137,"date":"2023-03-31T06:34:30","date_gmt":"2023-03-31T05:34:30","guid":{"rendered":"http:\/\/www.petanque82-comite.fr\/?page_id=20137"},"modified":"2023-09-29T12:50:55","modified_gmt":"2023-09-29T11:50:55","slug":"revue-de-presse-2023","status":"publish","type":"page","link":"http:\/\/www.petanque82-comite.fr\/?page_id=20137","title":{"rendered":"Revue de presse 2023"},"content":{"rendered":"<h3><img loading=\"lazy\" decoding=\"async\" class=\"alignnone size-medium wp-image-22344\" src=\"http:\/\/www.petanque82-comite.fr\/wp-content\/uploads\/2023\/09\/381710675_308677925236735_938570861234124494_n-256x300.png\" alt=\"\" width=\"256\" height=\"300\" srcset=\"http:\/\/www.petanque82-comite.fr\/wp-content\/uploads\/2023\/09\/381710675_308677925236735_938570861234124494_n-256x300.png 256w, http:\/\/www.petanque82-comite.fr\/wp-content\/uploads\/2023\/09\/381710675_308677925236735_938570861234124494_n-768x901.png 768w, http:\/\/www.petanque82-comite.fr\/wp-content\/uploads\/2023\/09\/381710675_308677925236735_938570861234124494_n.png 870w\" sizes=\"auto, (max-width: 256px) 100vw, 256px\" \/><\/h3>\n<h3><a href=\"http:\/\/www.petanque82-comite.fr\/wp-content\/uploads\/2023\/09\/381710675_308677925236735_938570861234124494_n.pdf\">PDF \u00e0 t\u00e9l\u00e9charger<\/a><\/h3>\n<h3>C<a href=\"https:\/\/www.ladepeche.fr\/2023\/07\/19\/lelan-players-caussadais-desormais-engage-en-championnat-regional-11349794.php\">hampionnat r\u00e9gional des clubs 2023 jeu proven\u00e7al Elan Players Caussadais<\/a><\/h3>\n<h3><strong><a href=\"http:\/\/www.petanque82-comite.fr\/wp-content\/uploads\/2022\/04\/triplette-mixte.pdf\">Elan Players Caussade qualification triplette mixte<\/a>\u00a0<\/strong><\/h3>\n<h3><strong><a href=\"https:\/\/www.ladepeche.fr\/2023\/03\/01\/un-record-pour-la-triplette-mixte-de-lelan-players-caussadais-11029732.php\">Article triplette mixte de l&#8217;Elan Players Caussadais<\/a><\/strong><\/h3>\n","protected":false},"excerpt":{"rendered":"<p>PDF \u00e0 t\u00e9l\u00e9charger Championnat r\u00e9gional des clubs 2023 jeu proven\u00e7al Elan Players Caussadais Elan Players Caussade qualification triplette mixte\u00a0 Article triplette mixte de l&#8217;Elan Players Caussadais<\/p>\n","protected":false},"author":1,"featured_media":0,"parent":0,"menu_order":0,"comment_status":"closed","ping_status":"closed","template":"","meta":{"ngg_post_thumbnail":0,"_tribe_blocks_recurrence_rules":"","_tribe_blocks_recurrence_exclusions":"","_tribe_blocks_recurrence_description":"","footnotes":""},"class_list":["post-20137","page","type-page","status-publish","hentry"],"_links":{"self":[{"href":"http:\/\/www.petanque82-comite.fr\/index.php?rest_route=\/wp\/v2\/pages\/20137","targetHints":{"allow":["GET"]}}],"collection":[{"href":"http:\/\/www.petanque82-comite.fr\/index.php?rest_route=\/wp\/v2\/pages"}],"about":[{"href":"http:\/\/www.petanque82-comite.fr\/index.php?rest_route=\/wp\/v2\/types\/page"}],"author":[{"embeddable":true,"href":"http:\/\/www.petanque82-comite.fr\/index.php?rest_route=\/wp\/v2\/users\/1"}],"replies":[{"embeddable":true,"href":"http:\/\/www.petanque82-comite.fr\/index.php?rest_route=%2Fwp%2Fv2%2Fcomments&post=20137"}],"version-history":[{"count":6,"href":"http:\/\/www.petanque82-comite.fr\/index.php?rest_route=\/wp\/v2\/pages\/20137\/revisions"}],"predecessor-version":[{"id":22347,"href":"http:\/\/www.petanque82-comite.fr\/index.php?rest_route=\/wp\/v2\/pages\/20137\/revisions\/22347"}],"wp:attachment":[{"href":"http:\/\/www.petanque82-comite.fr\/index.php?rest_route=%2Fwp%2Fv2%2Fmedia&parent=20137"}],"curies":[{"name":"wp","href":"https:\/\/api.w.org\/{rel}","templated":true}]}}